r when -6 - 87*12/i is divided by 19.
14
Suppose -4*u - 33 - 1075 = -4*m, -2*m + 5*u = -554. Let p = 311 - m. Let c(i) = i**2 - i - 5. Calculate the remainder when p is divided by c(-4).
4
Let r = -18187 + 19999. Calculate the remainder when r is divided by 49.
48
Let x(d) = -d**2 - 4*d + 26. Suppose 177*z = 182*z + 35. What is the remainder when 49 is divided by x(z)?
4
Let o(l) = -8*l - 25 + 92 + 2*l - 3*l. Let i be o(-6). Suppose -13 = -i*h + 120*h. Calculate the remainder when 115 is divided by h.
11
Suppose -4*w + 138 = -3*v - 96, -3*w = 5*v - 190. Calculate the remainder when 62 is divided by w.
2
Suppose -6 = -3*z, 0 = 3*g + 3*z - 114 - 12. Suppose 253*s - 258*s = 3*w + 6, 0 = -s + w + 10. What is the remainder when g is divided by s?
1
Let y(w) = w**3 - 15*w**2 - 15*w + 34. What is the remainder when y(17) is divided by 73?
65
Let c(g) = 2*g**3 - g**2 - 114*g - 15. Let q(j) = 13*j - 9. Calculate the remainder when q(12) is divided by c(-7).
3
Suppose -194*l + 195*l - 288 = -4*n, -5*n + 2*l + 386 = 0. Calculate the remainder when 16722 is divided by n.
72
Let y = -14 + 10. Suppose 7*i + 50 + 48 = 0. Calculate the remainder when 22 is divided by 15/((-18)/i - y/(-14)).
7
Let c = 9386 + -9353. Calculate the remainder when c is divided by -6*3*2/(-3).
9
Suppose p - 301 = i + 4*i, -5*i - 285 = -5*p. Let u = 63 + i. Suppose -w + u*w - 13 = 2*h, 16 = w - 5*h. What is the remainder when 41 is divided by w?
8
Let z = -640 + 659. Suppose z = m - 34. Calculate the remainder when 156 is divided by m.
50
Let u be (-10)/(-15) - 6/9. Suppose 392 = 4*p - u*p. What is the remainder when p is divided by (-46 + 43)/(3/(-20))?
18
Suppose g - 210 + 126 = 0. Suppose 80 = 4*k + 5*p, 16 = 5*k - p - g. Calculate the remainder when 92 is divided by k.
12
Let y(i) = 3*i + 44. Let z be y(13). Let r = z - 56. Let b(p) = -p**3 - 5*p**2 - 8*p - 9. Calculate the remainder when r is divided by b(-4).
6
Let n be (-12)/(0/(-3) - -1). Let t be (-6)/(-9) - n/9. Suppose -5*y + 0*d + 4*d + 233 = 0, 0 = -t*d + 6. What is the remainder when y is divided by 25?
24
Let i(c) = 210*c + 1977. Calculate the remainder when i(-7) is divided by 41.
15
Let d = -75805 + 75849. Let r = -62 - -171. What is the remainder when r is divided by d?
21
Let v(j) = -1628*j - 2391. What is the remainder when v(-2) is divided by 60?
25
Suppose 0 = 2*f - 2*v + 7*v - 19, 3*v = -4*f + 73. Let l = 11998 - 11716. What is the remainder when l is divided by f?
18
Let h(t) = -t + 2. Let v be h(-2). Suppose v*d - 3*c - 11 = 0, 4*c + 0*c = 4*d - 12. What is the remainder when 56 is divided by 3*(d + 12/4)?
11
Let w = 12520 + -11234. Calculate the remainder when w is divided by 468.
350
Let x = 745 + -726. Calculate the remainder when 85 is divided by x.
9
Let a(d) = 78*d - 157*d + 71*d - 20. Suppose 0*k - 4*b - 40 = -4*k, -b + 6 = k. Calculate the remainder when a(-6) is divided by k.
4
Let n = 146 - 54. Suppose 6578 - 6308 = 10*a. What is the remainder when n is divided by a?
11
Let g(d) = -d**3 + 20*d**2 - 20*d + 22. Let s be g(19). Suppose 37 = s*v - 65. Suppose -4*w + 34 + v = 0. Calculate the remainder when w is divided by 5.
2
Let w = 452951 - 452920. Suppose 4*c = -3*u + u + 266, 5*c + 3*u = 331. What is the remainder when c is divided by w?
6
Suppose 3*g - 5*f = 16, 2*g = 4*f + 3 + 11. Calculate the remainder when (-510)/8*16/g is divided by 19.
17
Suppose -2 = q, -145*m + 1114 = -141*m + 5*q. Calculate the remainder when m is divided by 62.
33
Suppose 0 = 35*s - 103 - 142. Suppose -13*t + 2120 = s*t. What is the remainder when t is divided by 32?
10
Suppose -15*q = -32757 - 10578. What is the remainder when q is divided by 193?
187
Let w(l) = -9*l + 0*l - 3 + 0. Let b(o) = 8*o + 2. Let f(j) = 5*b(j) + 4*w(j). Calculate the remainder when f(1) is divided by 1.
0
Suppose 15*u - y + 505 = 16*u, -u = 3*y - 509. What is the remainder when u is divided by 163?
14
Suppose p - 8 - 10 = -4*a, 0 = -p - 3*a + 16. What is the remainder when 167 is divided by (-17)/(85/p)*-5?
7
Suppose 35*y + 459 = 52*y. Suppose -13*m + y*m - 112 = 0. What is the remainder when 39 is divided by m?
7
Suppose -4*w - 15 = -w. What is the remainder when 283 is divided by w/3 + (-4862)/(-66)?
67
Suppose 3*b - 4*d = -d + 39, b = 2*d + 18. Suppose x = -x - b*x. Suppose -1 = v - 4*h + 6*h, -4*v + 5*h + 22 = x. What is the remainder when 5 is divided by v?
2
Let u = 207 + -69. What is the remainder when u is divided by 2/(-16) + 16/((-256)/(-322))?
18
Let r be (-7 + (-273)/(-13))*2/4. Calculate the remainder when 279 is divided by 7*(r - (-1 + 3 - -1)).
27
Suppose -u + 34 = 10*h - 5*h, 115 = 4*u - h. Let k(x) = -28*x - 14. What is the remainder when k(-4) is divided by u?
11
Let m = 195 - 200. What is the remainder when 113 is divided by (m/(-4))/((-2)/(-40))?
13
Let w = 108 + -54. Suppose -4*c + 5*j = -0*c - w, j + 30 = 2*c. Let k(a) = 33*a - 3. What is the remainder when k(2) is divided by c?
15
Let r = -3120 - -3618. What is the remainder when r is divided by 6?
0
Suppose -5*l - 27 = -5*q + 23, 2*l + 28 = 3*q. Suppose -z - 203 = -q*z. What is the remainder when 101 is divided by z?
14
Let b = -3377 + 3398. Calculate the remainder when 293 is divided by b.
20
Let f be -1*6*(-2)/2. What is the remainder when 16 is divided by f - (8/6)/4*-3?
2
Let l(n) = -n - 11. Let p be l(-3). What is the remainder when 193 is divided by (76/p - -2)*(-32)/6?
33
Let g(m) = 4*m**2 - 2*m + 2. Let w be g(1). Suppose 5 = h, w*a - 103 = 2*h - 29. What is the remainder when 146 is divided by a?
20
Suppose 0 = 3*l - 4*l + 45*l - 5808. Calculate the remainder when 6599 is divided by l.
131
Suppose 5*t + 52 = 2*z + t, 5*z - 109 = 3*t. Let d = 205 + -182. Let n = d - z. What is the remainder when 4 is divided by n?
1
Let g(n) = 5*n - 27. Let z(m) = 2*m + 12. Let d be z(-3). Suppose -4*l + d*l = 20. What is the remainder when 57 is divided by g(l)?
11
Suppose -3*w = -4*w + 88. Let q = w + -83. Suppose 3*v + 4*r = 43, -r - 24 = -4*v + 2*r. What is the remainder when v is divided by q?
4
What is the remainder when 1388 is divided by (28/42*-39)/((-10)/265)?
10
Suppose -4*o - 11 + 59 = 0. Let s = -70533 + 70556. Calculate the remainder when s is divided by o.
11
Let l be (10/2)/((-20)/(-20)). Suppose 0 = -3*x - l*r + 54 - 3, -17 = -x + 5*r. Let g = x + -8. What is the remainder when 51 is divided by g?
6
Let m be (-8*1/(-2))/(-10 + 12). Calculate the remainder when -4*(2 + 63/(-4)) is divided by 180/630*m*28.
7
Suppose 10*u = 13*u. Suppose 0 = -5*w - i - 975, 3*w + 3*i + u*i + 597 = 0. Let d = -133 - w. What is the remainder when d is divided by 17?
10
Suppose -547 - 308 = -9*s. What is the remainder when s is divided by (-158)/(-6) - (-2)/66*-11?
17
Let h = -16651 + 17250. What is the remainder when h is divided by 28?
11
Let v(h) = 2*h**2 + 123*h + 264. Calculate the remainder when v(-64) is divided by 581.
3
Suppose -t + 4*r + 10 = 0, 47 = -11*t + 14*t + 5*r. What is the remainder when (t/10)/(-7) + (-663)/(-15) is divided by 28?
16
Suppose 17*y = 31*y - 70. Suppose 0*r + 5*r + 65 = 2*l, 40 = l - y*r. Calculate the remainder when 185 is divided by l.
10
Let f be (-4)/22 + (-1 - 202/(-22)). Let s = 0 - -10. Suppose -v - s = -2*m - 26, f = 3*v + 2*m. What is the remainder when 15 is divided by v?
3
Let h(z) = 398*z + 1213. What is the remainder when 719 is divided by h(-3)?
16
Let q(f) = -f**2 - 76*f - 312. What is the remainder when q(-62) is divided by 83?
58
Suppose 4*l = -6*o + 4*o + 30, -54 = -4*o - 5*l. Suppose 0 = -4*g - t + 40, t + t = 8. Let d(s) = 6*s + 22. What is the remainder when d(g) is divided by o?
10
Let x(n) = -3*n + 3632. What is the remainder when x(55) is divided by 31?
26
Let r(t) = 3*t**3 - 42*t**2 + 16. Suppose -29 = 12*f - 13*f + 3*w, 5*f = -2*w + 60. What is the remainder when 26 is divided by r(f)?
10
Suppose 115*d = 121*d - 342. Calculate the remainder when 1102 is divided by (3 + -1)/6 + 3686/d.
62
Suppose -3*o + 8 = -2*m - 20, -4*m - 3*o = 56. Let n = m + 16. What is the remainder when 56 is divided by 2736/90 + n/(-5)?
26
Let z be (45/(-2))/(-9)*(-22)/(-5). Suppose 2*f + 4 = -2*i, -z = 3*f - 5*f + i. Calculate the remainder when 11 is divided by f.
2
Let n be 10/3*21/7. Let z be n/4 + (-18)/(-36). Suppose z*m = -3*f + 5*m + 29, -